 are the prime factors of z?
59
Let t(z) = -3*z**2 + 4*z - 4. Let a be t(2). Let q be -11*(a/(-12))/((-2)/36). Suppose 28*g - 32*g = -q. List the prime factors of g.
3, 11
Let i(c) = 2*c + 700. Let a be i(0). Suppose 306 = b - 4*g + 78, 4*g - a = -3*b. List the prime factors of b.
2, 29
Let c = 97 - 89. Suppose c*w = 2389 + 5387. List the prime factors of w.
2, 3
Let i = -30 - -34. Suppose 2531 = i*q + 35. List the prime factors of q.
2, 3, 13
Suppose 3*b = 5*l - 3*l + 9, -32 = -4*b - 4*l. Suppose 2*m - 269 = b*s, -m = -4*s + 8*s - 128. List the prime factors of m.
2, 3, 11
Let o(k) = -4*k + 26. Let f be o(6). Suppose -3*w + 9 = -f*y, 11 = y + 3*w + 2. Suppose y = 4*a + 68 - 408. What are the prime factors of a?
5, 17
Suppose 118 + 95 = o. Let v(m) = 100*m**2 - 4*m + 5. Let y be v(2). Suppose -o - y = -5*l. List the prime factors of l.
2, 61
Let z(u) = -6*u**3 + u**2 - 1. Let p be z(-1). List the prime factors of 10/(400/6110) - p/8.
2, 19
Suppose 6*v = 4*t - 189846, t - 4*t - 2*v = -142443. What are the prime factors of t?
3, 5, 211
Let d(x) = -5*x**2 - 36*x - 6. Let r(o) = -6*o**2 - 37*o - 7. Let z(k) = 5*d(k) - 4*r(k). What are the prime factors of z(-9)?
5, 41
Suppose 2*o - 190 = 5*c + 1805, 0 = -c + 2*o - 407. Let p = 780 + c. What are the prime factors of p?
383
Suppose 0 = -4569*f + 4534*f + 1527575. What are the prime factors of f?
5, 7, 29, 43
Let w(f) = 10*f**2 - 4*f + 12. Let z = 95 + -7. Let x = z + -93. List the prime factors of w(x).
2, 3, 47
Suppose -6127 = -3*m + 2*k + 3*k, m - 2019 = -3*k. Let g = m + -1046. List the prime factors of g.
2, 13, 19
Let d = -79 + 187. Let l be 14*(-3)/(-6)*4. Suppose -d - l = -k. List the prime factors of k.
2, 17
Suppose 156 = w - 324. Suppose -3*y + 7*m - 825 = 4*m, 5*y + 3*m + 1375 = 0. Let p = w + y. What are the prime factors of p?
5, 41
Let b = 12422 + 18135. List the prime factors of b.
30557
Let m(s) = -16*s + 35. Let u be m(5). Let o = u + 47. Suppose 2*y - y + 421 = 4*x, -o*x - y = -203. List the prime factors of x.
2, 13
Let o be (-142 - 1) + (-15)/(-3). Let t = -127 - o. What are the prime factors of t?
11
What are the prime factors of 1/(2/(-40))*(-22)/(506/1633)?
2, 5, 71
Suppose -3*x = -2*x + 24. Let c = x - -26. What are the prime factors of (304/48)/(c/60)?
2, 5, 19
Let w be (-1)/(30/(-24))*10/4. Suppose 11 = -w*h + 259. Let s = h - 65. List the prime factors of s.
59
Suppose -2*k = -7*k + 20. Let p be -2 + (-120)/(-18) - 2/3. Suppose -k*f + 5*t = -749, 9*t + 940 = 5*f + p*t. List the prime factors of f.
191
Suppose 2*l - 3180 = -5*z, z = -2*l + 839 - 203. Suppose 5*j = 2*r - z, -660 = r - 3*r - j. Suppose -4*q - p + r = 3*p, -p = 1. What are the prime factors of q?
83
Suppose 4*g + 11 = l, -g - 11 = -5*l - 32. Let t(b) = -23*b + 5. Let m be t(g). Let z = m - 60. What are the prime factors of z?
37
Let d be 31/5 + 6/(-30). Suppose 12*u - 9*u = d. Suppose u*x = 4*x + 5*q - 40, -56 = -2*x - q. List the prime factors of x.
2, 3, 5
Let t(m) = 5581*m + 12679. What are the prime factors of t(8)?
3, 97, 197
Let b(j) = -5*j + 21*j**2 - 14 - 19 + 7 + 12*j. List the prime factors of b(4).
2, 13
Suppose 0 = 5*h + 310 + 25. List the prime factors of (-228)/(-30) + -7 - h/5.
2, 7
Suppose -4*j - 5*d + 7910 = j, d = -5*j + 7894. Suppose -z = 1466 - j. What are the prime factors of z?
2, 7
List the prime factors of (24/126)/(1/7)*1443*1.
2, 13, 37
Let l(a) = 0*a - 3*a**2 - 3*a**2 + a**2 + 34 + 4*a + 6*a**2. Let o be (20/(-6) - -1)*6. What are the prime factors of l(o)?
2, 3, 29
Let y = 137 - 149. List the prime factors of (-2240)/(-6) + 4/y.
373
Let s = 85546 - 60576. List the prime factors of s.
2, 5, 11, 227
Let d(v) = 7*v - 5. Let o be d(2). Let t be (-3 + (-7)/(-2))*-6 + o. Suppose -3*k - 2*r + 307 = t, 470 = 5*k - 3*r. What are the prime factors of k?
97
Let k(a) = -22*a + 11. Let v be k(-4). Suppose 0 = -12*i + 1395 - v. Suppose 2*m - i = -24. List the prime factors of m.
2, 3, 7
Suppose 17988*l - 17956*l = 1223232. List the prime factors of l.
2, 3, 23, 277
Let l = -19746 - -28589. What are the prime factors of l?
37, 239
List the prime factors of -22695*(22/(-132) + 1/(-2)).
2, 5, 17, 89
Suppose b - 2*p - 6165 - 30546 = 0, -2*b + 6*p + 73432 = 0. List the prime factors of b.
7, 107
Let q = 9504 + -8883. What are the prime factors of q?
3, 23
Suppose -4*j - 6 = -2*j, -3*p - 4*j + 12 = 0. Let d = p + 163. Suppose 190 = 5*b + r - 255, -2*b + r + d = 0. List the prime factors of b.
2, 11
Let z(q) = -2*q**2 + 7*q**3 - 3 - q**3 + 2 + 2*q. Let w be ((3 + -4)/3)/((-1)/3). List the prime factors of z(w).
5
Suppose 5*f = 4*j - 142583, 11 - 17 = -6*f. List the prime factors of j.
43, 829
Let a(m) = 248*m**2 - 4*m + 125. What are the prime factors of a(-6)?
29, 313
Let u = 56880 + -35017. What are the prime factors of u?
21863
Let f(p) = -p**3 + 7*p**2 + 43*p + 47. What are the prime factors of f(-20)?
3, 3329
Let c = -1128 - -405. Let h = 1898 + c. What are the prime factors of h?
5, 47
Let v = 3931 + -3608. Let j(b) = -b**3 + 5*b**2 + 6*b + 3. Let a be j(6). Suppose a*l - 28 - v = 0. What are the prime factors of l?
3, 13
Let d(w) be the first derivative of -w**2 + 20*w - 6. Let o be d(7). Suppose 214 = o*x - 278. What are the prime factors of x?
2, 41
Suppose 0 = -2*f - 4 + 14. Suppose f*w = -3*w - 15456. List the prime factors of w/(-24) + (6/(-4) - -2).
3
Let k(n) = -6*n + 241. Let y be k(41). Let h(x) = -5*x**3 - 3*x**2 - 18*x + 2. What are the prime factors of h(y)?
2, 3, 107
Suppose 0 = 15*q - 491 - 64. Suppose i + 2*b - 338 = q, -4*b = 3*i - 1125. List the prime factors of i.
3, 5
Let s(w) = -w**3 - 6*w**2 + 51*w - 15. List the prime factors of s(-29).
13, 1373
Suppose 380852 = 28*w - 302367 - 693429. List the prime factors of w.
2, 13, 31, 61
Let p(f) = 2*f**2 - 4*f - 10. Let n(z) = z**2 + 3*z - 1. Let x be n(-5). Let s = x - 3. List the prime factors of p(s).
2, 19
Suppose 69*m - 70*m + 10127 = 0. List the prime factors of m.
13, 19, 41
Let b(l) = 360*l - 148. Let d be b(9). Suppose -6 = -2*c - 4, 5*k - 3*c = d. What are the prime factors of k?
619
Let q = 30 - 28. Suppose -4*s + 24 = q*u + u, -5*s + 3*u = -30. What are the prime factors of s/(18/273) + -2?
89
Suppose 11572 = -m + 45*m. Suppose -15 - 9 = -4*w. Suppose w*y - m = 97. What are the prime factors of y?
2, 3, 5
Let m be (16/((-4)/(-2)))/2. Suppose -m*z = -6*z + 452. Suppose -2*p = 3*t - 6*p - z, 0 = 5*t + p - 392. List the prime factors of t.
2, 3, 13
Suppose 0*y + 4*y = -3*c + 12, 0 = 5*c + y - 20. Let u(o) = 38*o - 49. What are the prime factors of u(c)?
103
Let h(v) = v**3 - 32*v**2 + 63*v - 86. Let y be h(30). Suppose 4*f = -y*n + 1455 + 3769, -f + 5*n = -1294. What are the prime factors of f?
2, 163
Suppose -4586109 + 909927 = -69*z. What are the prime factors of z?
2, 17, 1567
Suppose -5*i + 1471 = -2*r, i + 302 = 2*i - 3*r. Suppose 4593 = 7*q - i. What are the prime factors of q?
2, 349
Let z be 3*(1 - 6/(-9)). Suppose -7*f + z*f + 10 = 0. Suppose -f*d + 400 - 105 = 0. What are the prime factors of d?
59
Let s = 16 + -3. Suppose 2*j + 15 = 4*d + j, 0 = 3*d + j - s. Suppose 8 = -2*l, -139 = -3*z - d*l + 2*l. What are the prime factors of z?
7
Suppose -2*s + 1949 - 815 = 0. Let f = 1451 - s. List the prime factors of f.
2, 13, 17
Suppose 3440 = 4*q - 4*t, 4*q - 2402 = 3*t + 1036. Let u = q - 414. What are the prime factors of u?
2, 3, 37
Let c = 201299 + -120480. List the prime factors of c.
80819
Suppose 0 = 2*v + 3*v - 60. List the prime factors of (-2*2/v)/((-2)/1410).
5, 47
Suppose 127*p - 10*p + 52*p = 5941702. What are the prime factors of p?
2, 17579
Let y(h) = -5*h + 43. Let u be y(-9). What are the prime factors of 24744/u + 2/(-11)?
281
Suppose -2*k + 30 = 20, -5*v = 4*k + 40. What are the prime factors of (-3)/v + (-37488)/(-64)?
2, 293
Let q(o) = -2*o - 26. Let g be q(-11). Let p be g/(-14) - (-1705)/35. List the prime factors of p*4 - (-1 - 1 - -4).
2, 97
Let n = 5071 + -4503. What are the prime factors of n?
2, 71
Let s be (560 - -5)/(-1 + (-15)/(-20)). Let y = -1194 - s. List the prime factors of y.
2, 13, 41
Let c(o) = 5*o**2 + 5*o - 8. Let k be c(2). Suppose 20*p - k*p - 288 = 0. Let y = p - -284. What are the prime factors of y?
2, 5, 7
Suppose -82*p + 1186121 + 927511 = 0. List the prime factors of 